What are the prime factors of s(o)?
2, 5
Let g be (0/(-1))/(0 + 1). Suppose 2 = -n + z, g*n - 4*n + 2*z = 4. Suppose 4*f = -3*w + 5*f + 3, -4*w - 2*f + 14 = n. List the prime factors of w.
2
Let g = -7 + 10. Suppose 0*a = 3*a, g*t - 2*a - 48 = 0. List the prime factors of t.
2
Let t(f) = -3*f**2 + 30*f + 36. Let b(w) = w**2 - 10*w - 12. Let a(d) = 17*b(d) + 6*t(d). Let m be a(11). What are the prime factors of 258/36 - m/6?
7
Suppose 0 = h - 2*h + 8. Suppose 0 = o + 5*z + 7, 4*o + z = h + 2. What are the prime factors of o?
3
List the prime factors of (-1)/(((-4)/12)/((-5)/(-1))).
3, 5
Let i(j) = 129*j**3 - 2*j**2 - 2*j - 1. Let f be i(-1). List the prime factors of f/(-40) + 1/(-4).
3
Suppose -7 = 4*u - 4*v + 5*v, 3*u = -4*v - 2. Let k be (3 - 27) + (u - -4). Let z = -13 - k. What are the prime factors of z?
3
Let g = -2 + 4. Suppose -g*a - 20 = 5*n, 2*n - 20 = -4*a + 7*n. Suppose -5*u + 4 = -3*j, -5*u - 9 + 34 = a. List the prime factors of j.
7
Let m(j) = 27*j + 1. Let k be m(1). Let l = 40 - k. Let o = 22 - l. List the prime factors of o.
2, 5
Let o = -11 + 55. What are the prime factors of o?
2, 11
What are the prime factors of 6*(-2 - (-316)/12)?
2, 73
Suppose 4*v - 296 = -0*v. Suppose 5*x + 9 = v. What are the prime factors of x?
13
Suppose -2*w - 4*b = -32 - 18, -b + 50 = 3*w. Let q = 21 - w. What are the prime factors of q?
2, 3
Let y = 13 + -17. Let l = y - -31. List the prime factors of l.
3
Let c = 18 - -14. What are the prime factors of c?
2
Let g = -80 - -148. List the prime factors of g.
2, 17
Let f(n) = 5*n. Let h = -4 + 8. What are the prime factors of f(h)?
2, 5
Let l(j) be the first derivative of j**2 - 8*j - 1. Let q = -4 + 10. What are the prime factors of l(q)?
2
Let x(a) = a + 1. Let p be x(-3). Let v(u) = 7*u**2 + u - 1. Let y be v(p). Let c = 35 - y. List the prime factors of c.
2, 5
Let h = -7 + 11. Let n be (10/(-4))/(h/(-8)). Suppose 2*v = -4*g + 8, n*v - 20 = 3*g + 39. List the prime factors of v.
2, 5
Suppose 129 = 4*v + 45. List the prime factors of v.
3, 7
Let a(j) = -43*j - 2. Let l be a(-2). Suppose -l = -3*q - q. What are the prime factors of q?
3, 7
Suppose 2*b - 27 = -3. What are the prime factors of b?
2, 3
Suppose 1 = 2*x - 1. Let o be 1 - 0/x - -13. Suppose o = y + y. What are the prime factors of y?
7
Let o = 8 + -6. Suppose o*p + 4*v = 3*p + 11, -3*p = -v. What are the prime factors of 39/(2 + 1) - p?
2, 3
Let i(k) = -12*k - 23. Let t(g) = -4*g - 8. Let j(z) = -6*i(z) + 17*t(z). List the prime factors of j(3).
2, 7
Let m = -174 - -338. What are the prime factors of m?
2, 41
Suppose -m + 5 = 2. Let k = m + -3. Suppose k = -x + 3. What are the prime factors of x?
3
Let w(n) = 5*n - 1. Let v be w(-1). Let p be -2 + 4/((-8)/v). List the prime factors of (10 - p)*2/2.
3
What are the prime factors of 87*(-4)/(-12) + -3?
2, 13
Suppose -4 + 5 = c. Suppose g + c + 0 = 0. Let z = 1 - g. List the prime factors of z.
2
Suppose -37 = 3*b + 14. Let u = -8 - b. List the prime factors of u.
3
Let y = -85 - -187. What are the prime factors of y?
2, 3, 17
Suppose 6*a = 51 - 21. Suppose -a*l - 7 = -42. List the prime factors of l.
7
Let n be ((-8)/(-10))/(3/150). Suppose -3*p = p - n. What are the prime factors of p?
2, 5
Suppose 5*l - 25 + 0 = 0. Suppose l*m = 3*m + 4. Suppose -6*p + 24 = -m*p. List the prime factors of p.
2, 3
Let d = 132 - 79. What are the prime factors of d?
53
Let j = 1 - 1. Let q(g) = -g**3 - 5*g**2 + 3*g - 6. Let a be q(-6). Let i = a - j. List the prime factors of i.
2, 3
Let a(w) = w**2 + 2*w - 9. Let f be a(-7). Suppose -25 - f = -3*y. List the prime factors of y.
17
What are the prime factors of 1136/24 - 2/6?
47
Suppose -540 - 204 = -2*f. List the prime factors of f.
2, 3, 31
Suppose 2*x - 358 = -116. What are the prime factors of x?
11
Let v(d) = -2*d + 2. Let z(u) = u**3 - 7*u**2 + 7*u - 1. Let h be z(6). Let b be v(h). Let c = b - -20. What are the prime factors of c?
2, 3
Let o = 52 - 43. What are the prime factors of o?
3
Let h(s) be the second derivative of s**4/12 + 7*s**3/6 - s**2/2 - 9*s. List the prime factors of h(-9).
17
Let y(k) = k + 45. What are the prime factors of y(-23)?
2, 11
Suppose -5*i = -83 - 32. What are the prime factors of i?
23
Suppose -2*r - 5*y = -147, -18 = -2*r - 3*y + 119. List the prime factors of r.
61
Let w = -100 + 141. What are the prime factors of w?
41
Let w(f) = f + 25. What are the prime factors of w(0)?
5
Let i = 73 + -52. List the prime factors of i.
3, 7
Let j(s) = -4 - 3*s**2 + 2 - 3*s + 2*s + 2*s - 2*s**3. What are the prime factors of j(-3)?
2, 11
Suppose z = -0*z + 47. What are the prime factors of z?
47
Let q(s) = s**3 + 4*s**2 + 4. Suppose 2*u - 4*d = -24, 3*d - 10 - 6 = u. What are the prime factors of q(u)?
2
Let o be 1/(-5) - 305/(-25). What are the prime factors of (-13)/(-2) - (-6)/o?
7
Let b be ((-1)/(-1))/(5 + -4). What are the prime factors of (1/(-1))/b - -7?
2, 3
Let o(u) be the third derivative of -u**4/12 - 7*u**3/6 - u**2. Let s be o(-5). Suppose 5*l = s*c + 35, -4*l + c + 28 = -2*c. List the prime factors of l.
7
Suppose -2*m + 30 + 1 = -v, -51 = -3*m - 3*v. What are the prime factors of m?
2
Let u = -7 + -2. List the prime factors of (6/(-4))/(u/24).
2
Let d = -4 - -7. Suppose -a + 2*t - 1 = 2, 3*t = -d*a. List the prime factors of a/(-4) + (-83)/(-4).
3, 7
Let n(y) = -y**3 + y + 2. Let q be n(2). Let f = q - -3. What are the prime factors of 3/((-21)/(-12) + f)?
2
Let t be (-1)/(3/12)*-35. Suppose n = -5*s - 148, -t = 5*s + n + 4*n. Let i = 44 + s. What are the prime factors of i?
2, 7
Suppose -13 = -j + 5*t, j - 4*t = -0*t + 15. What are the prime factors of j?
23
Let k be 1 - 0 - (5 + -19). Suppose -q = -5*q, -5*m + k = -3*q. Suppose 0 = m*v - 2*v - 9. What are the prime factors of v?
3
Let n be (-42)/(-8) + 4/(-16). Suppose 7*c - 50 = 2*c + n*w, 4*c = 3*w + 38. Suppose 3*p - p = c. List the prime factors of p.
2
List the prime factors of 24/18*(-3)/(-2) - -48.
2, 5
Suppose -2*m + m - v + 123 = 0, m = -2*v + 119. What are the prime factors of m?
127
Suppose -2*n + b + 317 = 0, b - 3*b = -6. What are the prime factors of n?
2, 5
Suppose -2*m + 3*p - 14 = 0, -5*m + 0*p - 18 = p. Let v = m - -23. List the prime factors of v.
19
Let o = -4 - -4. Suppose o = -3*x + 7 + 5. Suppose 4 = x*f - 12. What are the prime factors of f?
2
Let a = 437 - 251. What are the prime factors of a?
2, 3, 31
Suppose -4*p + 0*p + 16 = 0. Suppose p*u = -u + 85. List the prime factors of u.
17
Let g(v) = -v**3 + v + 6. Let l be g(0). Suppose 0 = -3*i + l + 18. Let z(h) = -h**2 + 8*h + 7. List the prime factors of z(i).
7
Let g(l) = l**3 + 6*l**2 - l - 6. Suppose -o - 26 = 3*o - d, 2*o + 5*d = -2. Let y be g(o). Let m = y - -9. List the prime factors of m.
3
Let f(d) = 2*d - 6. Suppose -s - 1 = -3*i - 11, -2*s - 3*i = -2. Let q be f(s). List the prime factors of (-2)/(-1 - q/(-6)).
3
Let j = 117 - 54. What are the prime factors of j?
3, 7
What are the prime factors of 4/8*(-3)/(3/(-170))?
5, 17
Suppose u = 5*u - 1104. What are the prime factors of u?
2, 3, 23
Let f be (7/4)/((-7)/(-28)). Suppose -t + 8 = 3*t. Let a = f + t. What are the prime factors of a?
3
Let w(z) be the first derivative of -z**4/4 + 7*z**3/3 + 4*z**2 + 6*z - 1. Let y be 10 - 0 - 2 - 0. What are the prime factors of w(y)?
2, 3
Suppose 271 = 5*o - 2*s - s, 4*o + 5*s - 202 = 0. List the prime factors of o.
53
Let a be -37 + (1 - 1)*-1. Let b = 34 - 58. Let m = b - a. List the prime factors of m.
13
Suppose -5*q = -3*w + 9, 3*q + 8 = -w + q. Let k be -4 - 1 - w/(-2). What are the prime factors of (-39)/(-6) - 3/k?
7
Let g = 16 - 10. List the prime factors of g/(-21) + (-270)/(-14).
19
Let l be (1 - -1)/(1/8). Suppose 2*y - l = -2*y. Suppose 12 = y*w - 32. List the prime factors of w.
11
Let g(a) be the first derivative of -a**4/4 - 11*a**3/3 - 6*a**2 - 11*a + 3. Suppose 5*o + 22 + 28 = 0. What are the prime factors of g(o)?
3
Suppose 3 = -3*j - 6. Let s = 3 - j. What are the prime factors of 92/5 + s/10?
19
Suppose -7 = -z + 1. What are the prime factors of z?
2
Let c(q) = 4*q + 103. What are the prime factors of c(0)?
103
Let v = 7 - 5. Suppose -t = -6 + v. Suppose t + 6 = h. List the prime factors of h.
2, 5
Let t = 198 + -118. Suppose -3*j - t = -7*j. List the prime factors of j.
